{"id":13,"date":"2015-07-26T13:24:11","date_gmt":"2015-07-26T13:24:11","guid":{"rendered":"http:\/\/bunch.asiandevelopers.com\/wp\/meeton\/?page_id=13"},"modified":"2023-06-13T14:58:52","modified_gmt":"2023-06-13T14:58:52","slug":"about","status":"publish","type":"page","link":"https:\/\/atlanticonference.uac.pt\/?page_id=13","title":{"rendered":"CHAM A\u00e7ores"},"content":{"rendered":"<p>O CHAM A\u00e7ores \u00e9 uma unidade de investiga\u00e7\u00e3o e desenvolvimento da Universidade dos A\u00e7ores e constitui-se como n\u00facleo aut\u00f3nomo n\u00e3o personificado do CHAM \u2013 Centro de Humanidades, da Faculdade de Ci\u00eancias Sociais e Humanas da Universidade NOVA de Lisboa e da Universidade dos A\u00e7ores.<\/p>\n<p>O CHAM A\u00e7ores \u00e9 financiado pela FCT (Funda\u00e7\u00e3o para a Ci\u00eancia e Tecnologia) e pela DRCT (Dire\u00e7\u00e3o Regional da Ci\u00eancia e Tecnologia do Governo dos A\u00e7ores). Tem como miss\u00e3o promover a investiga\u00e7\u00e3o cient\u00edfica de alto n\u00edvel, a produ\u00e7\u00e3o e a difus\u00e3o do conhecimento no \u00e2mbito da Hist\u00f3ria, do Patrim\u00f3nio, da Arqueologia, das Artes, da Literatura e da Cultura, assim como das formas do pensamento\u00a0 numa escala global, procurando fomentar reflex\u00f5es e novos contributos para a Hist\u00f3ria dos A\u00e7ores, em particular e, de uma forma geral, para a Hist\u00f3ria comparada.<\/p>\n<p>Os seus objetivos s\u00e3o:<\/p>\n<p>a) O desenvolvimento, a promo\u00e7\u00e3o e o aprofundamento dos estudos da Hist\u00f3ria e da Cultura de Portugal e dos A\u00e7ores, assim como da presen\u00e7a dos portugueses no Mundo;<\/p>\n<p>b) O estudo da correla\u00e7\u00e3o europeia e da influ\u00eancia do Atl\u00e2ntico na Hist\u00f3ria e na Cultura de Portugal e dos A\u00e7ores, atrav\u00e9s do tratamento de cronologias muito distintas;<\/p>\n<p>c) A investiga\u00e7\u00e3o sobre a constru\u00e7\u00e3o hist\u00f3rica dos conceitos, das formas de pensamento e das culturas, numa escala global;<br \/>\nd) A investiga\u00e7\u00e3o sobre a Hist\u00f3ria global numa perspetiva multidisciplinar, da antiguidade ao presente.<\/p>\n","protected":false},"excerpt":{"rendered":"<p>O CHAM A\u00e7ores \u00e9 uma unidade de investiga\u00e7\u00e3o e desenvolvimento da Universidade dos A\u00e7ores e constitui-se como n\u00facleo aut\u00f3nomo n\u00e3o personificado do CHAM \u2013 Centro de Humanidades, da Faculdade de Ci\u00eancias Sociais e Humanas da Universidade NOVA de Lisboa e da Universidade dos A\u00e7ores. O CHAM A\u00e7ores \u00e9 financiado pela FCT (Funda\u00e7\u00e3o para a Ci\u00eancia<\/p>\n","protected":false},"author":1,"featured_media":1247,"parent":0,"menu_order":0,"comment_status":"open","ping_status":"closed","template":"template-page-sobre.php","meta":[],"_links":{"self":[{"href":"https:\/\/atlanticonference.uac.pt\/index.php?rest_route=\/wp\/v2\/pages\/13"}],"collection":[{"href":"https:\/\/atlanticonference.uac.pt\/index.php?rest_route=\/wp\/v2\/pages"}],"about":[{"href":"https:\/\/atlanticonference.uac.pt\/index.php?rest_route=\/wp\/v2\/types\/page"}],"author":[{"embeddable":true,"href":"https:\/\/atlanticonference.uac.pt\/index.php?rest_route=\/wp\/v2\/users\/1"}],"replies":[{"embeddable":true,"href":"https:\/\/atlanticonference.uac.pt\/index.php?rest_route=%2Fwp%2Fv2%2Fcomments&post=13"}],"version-history":[{"count":15,"href":"https:\/\/atlanticonference.uac.pt\/index.php?rest_route=\/wp\/v2\/pages\/13\/revisions"}],"predecessor-version":[{"id":1543,"href":"https:\/\/atlanticonference.uac.pt\/index.php?rest_route=\/wp\/v2\/pages\/13\/revisions\/1543"}],"wp:featuredmedia":[{"embeddable":true,"href":"https:\/\/atlanticonference.uac.pt\/index.php?rest_route=\/wp\/v2\/media\/1247"}],"wp:attachment":[{"href":"https:\/\/atlanticonference.uac.pt\/index.php?rest_route=%2Fwp%2Fv2%2Fmedia&parent=13"}],"curies":[{"name":"wp","href":"https:\/\/api.w.org\/{rel}","templated":true}]}}

CHAM Açores

<p>O CHAM Açores é uma unidade de investigação e desenvolvimento da Universidade dos Açores e constitui-se como núcleo autónomo não personificado do CHAM – Centro de Humanidades, da Faculdade de Ciências Sociais e Humanas da Universidade NOVA de Lisboa e da Universidade dos Açores.</p>
<p>O CHAM Açores é financiado pela FCT (Fundação para a Ciência e Tecnologia) e pela DRCT (Direção Regional da Ciência e Tecnologia do Governo dos Açores). Tem como missão promover a investigação científica de alto nível, a produção e a difusão do conhecimento no âmbito da História, do Património, da Arqueologia, das Artes, da Literatura e da Cultura, assim como das formas do pensamento  numa escala global, procurando fomentar reflexões e novos contributos para a História dos Açores, em particular e, de uma forma geral, para a História comparada.</p>
<p>Os seus objetivos são:</p>
<p>a) O desenvolvimento, a promoção e o aprofundamento dos estudos da História e da Cultura de Portugal e dos Açores, assim como da presença dos portugueses no Mundo;</p>
<p>b) O estudo da correlação europeia e da influência do Atlântico na História e na Cultura de Portugal e dos Açores, através do tratamento de cronologias muito distintas;</p>
<p>c) A investigação sobre a construção histórica dos conceitos, das formas de pensamento e das culturas, numa escala global;<br />
d) A investigação sobre a História global numa perspetiva multidisciplinar, da antiguidade ao presente.</p>

<p>O CHAM Açores é uma unidade de investigação e desenvolvimento da Universidade dos Açores e constitui-se como núcleo autónomo não personificado do CHAM – Centro de Humanidades, da Faculdade de Ciências Sociais e Humanas da Universidade NOVA de Lisboa e da Universidade dos Açores. O CHAM Açores é financiado pela FCT (Fundação para a Ciência</p>
